t the prime factors of 2683.
2683
What are the prime factors of 210?
2, 3, 5, 7
What are the prime factors of 1556?
2, 389
What are the prime factors of 3043?
17, 179
What are the prime factors of 1165?
5, 233
List the prime factors of 978.
2, 3, 163
What are the prime factors of 10008?
2, 3, 139
List the prime factors of 907.
907
List the prime factors of 192.
2, 3
List the prime factors of 4214.
2, 7, 43
List the prime factors of 23083.
41, 563
List the prime factors of 5134.
2, 17, 151
What are the prime factors of 10066?
2, 7, 719
List the prime factors of 7369.
7369
What are the prime factors of 1063?
1063
List the prime factors of 10086.
2, 3, 41
What are the prime factors of 1824?
2, 3, 19
List the prime factors of 40732.
2, 17, 599
List the prime factors of 135819.
3, 15091
What are the prime factors of 132940?
2, 5, 17, 23
What are the prime factors of 9848?
2, 1231
What are the prime factors of 1614?
2, 3, 269
What are the prime factors of 291?
3, 97
What are the prime factors of 12377?
12377
What are the prime factors of 8386?
2, 7, 599
What are the prime factors of 51035?
5, 59, 173
What are the prime factors of 563?
563
What are the prime factors of 7802?
2, 47, 83
List the prime factors of 11491.
11491
List the prime factors of 32868.
2, 3, 11, 83
What are the prime factors of 48535?
5, 17, 571
What are the prime factors of 6550?
2, 5, 131
What are the prime factors of 1597?
1597
List the prime factors of 8452.
2, 2113
List the prime factors of 441.
3, 7
List the prime factors of 2717.
11, 13, 19
What are the prime factors of 1249?
1249
List the prime factors of 2321.
11, 211
List the prime factors of 79723.
7, 1627
What are the prime factors of 1512?
2, 3, 7
List the prime factors of 1386.
2, 3, 7, 11
What are the prime factors of 33610?
2, 5, 3361
List the prime factors of 62080.
2, 5, 97
What are the prime factors of 4793?
4793
List the prime factors of 7383.
3, 23, 107
What are the prime factors of 5384?
2, 673
What are the prime factors of 649?
11, 59
List the prime factors of 2782.
2, 13, 107
List the prime factors of 11707.
23, 509
List the prime factors of 3897.
3, 433
List the prime factors of 5276.
2, 1319
List the prime factors of 6629.
7, 947
List the prime factors of 10155.
3, 5, 677
List the prime factors of 8542.
2, 4271
List the prime factors of 13231.
101, 131
List the prime factors of 713.
23, 31
List the prime factors of 19433.
19433
What are the prime factors of 200?
2, 5
What are the prime factors of 5476?
2, 37
List the prime factors of 822.
2, 3, 137
What are the prime factors of 716?
2, 179
List the prime factors of 1772.
2, 443
What are the prime factors of 50548?
2, 12637
What are the prime factors of 9825?
3, 5, 131
List the prime factors of 121588.
2, 113, 269
List the prime factors of 11210.
2, 5, 19, 59
What are the prime factors of 3302?
2, 13, 127
List the prime factors of 2918.
2, 1459
What are the prime factors of 2021?
43, 47
List the prime factors of 2182.
2, 1091
List the prime factors of 1508.
2, 13, 29
What are the prime factors of 19109?
97, 197
What are the prime factors of 5829?
3, 29, 67
What are the prime factors of 2395?
5, 479
List the prime factors of 350.
2, 5, 7
List the prime factors of 9822.
2, 3, 1637
What are the prime factors of 54424?
2, 6803
What are the prime factors of 38333?
38333
What are the prime factors of 254?
2, 127
What are the prime factors of 908?
2, 227
List the prime factors of 2895.
3, 5, 193
What are the prime factors of 8404?
2, 11, 191
List the prime factors of 520.
2, 5, 13
List the prime factors of 34587.
3, 7, 61
What are the prime factors of 26409?
3, 8803
What are the prime factors of 5343?
3, 13, 137
List the prime factors of 24520.
2, 5, 613
List the prime factors of 1710.
2, 3, 5, 19
List the prime factors of 18069.
3, 19, 317
List the prime factors of 6941.
11, 631
List the prime factors of 10921.
67, 163
List the prime factors of 746.
2, 373
What are the prime factors of 10618?
2, 5309
What are the prime factors of 1056?
2, 3, 11
What are the prime factors of 616?
2, 7, 11
List the prime factors of 1557.
3, 173
List the prime factors of 748.
2, 11, 17
List the prime factors of 3700.
2, 5, 37
What are the prime factors of 55827?
3, 6203
List the prime factors of 1351.
7, 193
List the prime factors of 18878.
2, 9439
What are the prime factors of 149304?
2, 3, 6221
List the prime factors of 3924.
2, 3, 109
What are the prime factors of 1877?
1877
List the prime factors of 1451.
1451
List the prime factors of 3524.
2, 881
List the prime factors of 11948.
2, 29, 103
What are the prime factors of 1038?
2, 3, 173
List the prime factors of 8260.
2, 5, 7, 59
What are the prime factors of 428?
2, 107
What are the prime factors of 48949?
31, 1579
List the prime factors of 1664.
2, 13
What are the prime factors of 595?
5, 7, 17
List the prime factors of 3734.
2, 1867
What are the prime factors of 63?
3, 7
List the prime factors of 186575.
5, 17, 439
List the prime factors of 3318.
2, 3, 7, 79
List the prime factors of 3096.
2, 3, 43
List the prime factors of 98744.
2, 12343
List the prime factors of 9495.
3, 5, 211
What are the prime factors of 8700?
2, 3, 5, 29
List the prime factors of 642.
2, 3, 107
What are the prime factors of 44045?
5, 23, 383
What are the prime factors of 104116?
2, 26029
What are the prime factors of 83450?
2, 5, 1669
List the prime factors of 694.
2, 347
What are the prime factors of 5058?
2, 3, 281
What are the prime factors of 252?
2, 3, 7
What are the prime factors of 1751?
17, 103
List the prime factors of 1269.
3, 47
What are the prime factors of 1151?
1151
List the prime factors of 125213.
11, 11383
What are the prime factors of 1680?
2, 3, 5, 7
What are the prime factors of 595?
5, 7, 17
List the prime factors of 5883.
3, 37, 53
List the prime factors of 66797.
66797
What are the prime factors of 2721?
3, 907
List the prime factors of 1430.
2, 5, 11, 13
What are the prime factors of 66992?
2, 53, 79
What are the prime factors of 3614?
2, 13, 139
What are the prime factors of 37752?
2, 3, 11, 13
What are the prime factors of 48662?
2, 29, 839
What are the prime factors of 1353?
3, 11, 41
What are the prime factors of 42878?
2, 11, 1949
List the prime factors of 1051.
1051
List the prime factors of 3142.
2, 1571
List the prime factors of 38661.
3, 7, 263
List the prime factors of 42387.
3, 71, 199
What are the prime factors of 9833?
9833
List the prime factors of 107278.
2, 53639
List the prime factors of 8890.
2, 5, 7, 127
List the prime factors of 5904.
2, 3, 41
List the prime factors of 66.
2, 3, 11
List the prime factors of 12252.
2, 3, 1021
What are the prime factors of 68435?
5, 13687
List the prime factors of 213.
3, 71
What are the prime factors of 152163?
3, 11, 29, 53
What are the prime factors of 470?
2, 5, 47
What are the prime factors of 4839?
3, 1613
List the prime factors of 2031.
3, 677
List the prime factors of 364.
2, 7, 13
List the prime factors of 17529.
3, 5843
What are the prime factors of 432?
2, 3
What are the prime factors of 979?
11, 89
What are the prime factors of 33243?
3, 7, 1583
List the prime factors of 3203.
3203
List the prime factors of 69498.
2, 3, 11, 13
List the prime factors of 785.
5, 157
What are the prime factors of 8042?
2, 4021
List the prime factors of 55024.
2, 19, 181
List the prime factors of 34548.
2, 3, 2879
List the prime factors of 6753.
3, 2251
List the prime factors of 119187.
3, 17, 19, 41
What are the prime factors of 98285?
5, 11, 1787
List the prime factors of 6780.
2, 3, 5, 113
What are the prime factors of 24192?
2, 3, 7
What are the prime factors of 334?
2, 167
List the prime factors of 6031.
37, 163
List the prime factors of 1119.
3, 373
What are the prime factors of 77999?
77999
List the prime factors of 3208.
2, 401
What are the prime factors of 2207?
2207
List the prime factors of 162119.
162119
What are the prime factors of 66288?
2, 3, 1381
List the prime factors of 601.
601
What are the prime factors of 1178?
2, 19, 31
List the prime factors of 84476.
2, 7, 431
List the prime factors of 146836.
2, 36709
List the prime factors of 2222.
2, 11, 101
List the prime factors of 2078.
2, 1039
What are the prime factors of 10867?
10867
List the prime factors of 7926